Let v = b - -16. Let q be (-872)/(-64) + 9/v. What is the greatest common factor of q and 154?
14
Suppose -3*r + 32 = -34. Let n = 31 - r. Let v be 75/30*(-4)/(-10). What is the greatest common factor of n and v?
1
Let t be -2 - -5 - -2*(1 + 0). Let f = 18 + t. Calculate the highest common divisor of 161 and f.
23
Let b be ((-4)/(-14))/((-76)/(-1330)). Calculate the greatest common divisor of b and 15.
5
Suppose -6*k - 36 = -9*k + 3*x, 2*x - 40 = -2*k. What is the highest common divisor of 632 and k?
8
Suppose 4*d + d - 320 = -4*k, 0 = -4*d - 5*k + 265. Calculate the highest common factor of 45 and d.
15
Suppose 58 = 8*v - 710. Calculate the highest common divisor of v and 120.
24
Let t(r) = -r**3 + 6*r**2 + 15*r + 46. Let b be t(-4). What is the highest common divisor of b and 219?
73
Let o(q) = 8*q**2 - q - 4. Let l be o(-1). Suppose t = -1 + 69. Suppose 4*g + t = -3*w + 159, -w = -l. Calculate the greatest common factor of 57 and g.
19
Let u be 1 + 2 + -4 - -50. Let x be 1 - (0 + -7 + 1). What is the greatest common divisor of x and u?
7
Suppose -2*u + 80 = 56. Calculate the highest common divisor of 24 and u.
12
Let n(r) = 3*r + r**2 + 12 + 0*r**2 + 3*r. Let l be 2/3 + (-130)/15. Let s be n(l). What is the greatest common factor of s and 14?
14
Suppose 0 = -5*b - 0 + 185. Suppose 577 = 2*o + 3*q, 3*o = 6*o + q - 883. Calculate the greatest common divisor of b and o.
37
Suppose 4*u - 5*k = -u + 215, 0 = k + 3. Let a(l) = 26*l + 230. Let c be a(-5). Calculate the greatest common factor of c and u.
20
Let z(q) = q**2 + 5*q - 12. Let o be z(-8). Calculate the highest common factor of 78 and o.
6
Let s be (((-36)/(-10))/(-1))/(23/(-1035)). What is the highest common factor of 405 and s?
81
Let d = 12 + -7. Suppose 0 = 4*x - 5*f - 128, d*x - 5*f = -10 + 165. Calculate the greatest common factor of 9 and x.
9
Let j(w) = -7*w - 2. Let t be j(-2). Let n be (-3)/9 + (-92)/t. Let v be (28/n)/(3/(-18)). Calculate the highest common factor of 42 and v.
21
Let f(k) = 146*k**2 - 14*k - 12. Let c be f(-1). What is the highest common factor of c and 111?
37
Suppose 15*b - 7*b = 80. Suppose 31*c = 27*c + 280. Calculate the highest common factor of c and b.
10
Let y be ((-112)/24)/(1/3). Let n = 18 + y. Suppose n*r + 5 = 25. Calculate the greatest common factor of 15 and r.
5
Let q be (-206)/(-824) - 29*62/(-8). Calculate the greatest common divisor of 50 and q.
25
Suppose 4*y + 5*h - 63 = 0, 2*h + 71 = 5*y + 17. What is the greatest common factor of y and 14?
2
Suppose -3*b = -5*r, 3*b - 3*r + 1 = -5. Let w be 3*(-15)/6*12/b. Calculate the greatest common divisor of w and 9.
9
Let v = -1129 - -1167. Suppose 4*o - 70 = -l, 4*o + 2*l - 21 = 3*o. Let c = v - o. What is the greatest common factor of 231 and c?
21
Let v(s) = 2*s**2 - 5*s - 1. Let d = -2 - -5. Let c be v(d). Let l be 3/c*32/24. Calculate the highest common factor of 1 and l.
1
Let y(k) = -k**2 + 4*k + 75. Let w be y(-6). What is the highest common divisor of 110 and w?
5
Let n(u) = u**2 - 2*u + 3. Suppose -11 = -2*k + w, w = 3*k - 5*k + 9. Let r be n(k). Calculate the greatest common divisor of 9 and r.
9
Let b(t) = 2*t - 9. Let n be b(3). Let y be (-9)/n*(1 + 0). Calculate the greatest common factor of y and 2.
1
Suppose l = h + 2, 2*h - 4*l + 16 = l. Let d(r) = h*r + 4*r**3 - 3*r**2 - 3*r**3 - r. Let p be d(4). What is the highest common factor of 220 and p?
20
Suppose -155*r + 149*r = -384. What is the highest common factor of r and 128?
64
Let p(n) = 2*n**2 - 24*n + 150. Let w be p(19). Calculate the highest common divisor of 26 and w.
26
Suppose 0 = 3*y - 3. Let p(h) = 2*h - 9. Let b be p(8). Suppose 10 = 5*q + 3*r - b, 2*q - 9 = r. What is the greatest common factor of q and y?
1
Let p = 139 + -59. Let c(l) = -5*l - 17. Let b be c(0). Let v be (b - -5)/((-9)/12). Calculate the greatest common divisor of v and p.
16
Suppose 0 = 8*g - 3*g - 165. Let r be 249 - 104/13 - 10. Calculate the highest common factor of r and g.
33
Let v(b) = b**2 + b - 4. Suppose 0*n + 6 = -2*n. Let a be v(n). Let j be 96/2 + (a - 5). What is the greatest common factor of j and 9?
9
Suppose -2*r = 2*h + 3*h + 324, h + 66 = -r. Let c = 104 + h. Calculate the highest common factor of c and 60.
20
Suppose 1025 = -5*k + 7*k + 3*z, -4 = -4*z. What is the highest common divisor of k and 7?
7
Suppose 224 = -2*k + 6*k. Let l(y) = 4*y + 81. Let x be l(-11). Suppose -4*u = -x + 9. What is the highest common factor of k and u?
7
Suppose 0 = -5*u - 546 + 3451. Let r = -401 + u. What is the greatest common divisor of r and 20?
20
Let z be (-9)/(-27) - 48657/9. Let y be z/(-15) + (-30)/(-50). What is the highest common factor of 19 and y?
19
Let j be -3*7/((-126)/750). What is the greatest common factor of j and 20?
5
Let j(v) = -v**2 + 3*v + 1. Let k be j(3). Let b = 13 - k. What is the highest common divisor of b and 96?
12
Let b be -3*(-3 - (-42)/(-9)). Let i(g) = -g**3 + 3*g**2 - 3*g. Let h be i(2). Let k be -3 - h - (-117 + 1). What is the greatest common factor of k and b?
23
Suppose 0 = 10*d - 255 - 585. Suppose d = n - 24. Calculate the greatest common factor of n and 12.
12
Let y = 78 + -62. Let w be (12/(-10))/(6/(-15)). Suppose 5*f + w*i = 132, -2*i - 88 = -5*f + f. Calculate the highest common factor of y and f.
8
Let d = -31 - -34. Let w be 2/d - (-66)/9. Calculate the greatest common factor of 20 and w.
4
Let n(b) = 4*b**2 + 146*b + 30. Let p be n(-37). Calculate the greatest common divisor of 2 and p.
2
Let v = 530 + -490. Calculate the greatest common factor of v and 170.
10
Let j(r) = 19*r - 1. Let u = 24 - 23. Let o be j(u). What is the greatest common factor of o and 9?
9
Let v(u) = -21*u - 6. Let q be v(6). Let n be q/(-2)*98/28. Let r be (-68)/(-6)*n/14. What is the greatest common divisor of 17 and r?
17
Let v be ((-2 + 1)*-243)/(6/44). Calculate the greatest common divisor of v and 66.
66
Let j(p) = p**2 - 46*p + 36. Let x be j(0). Suppose -73 + 19 = -3*v. Calculate the highest common divisor of x and v.
18
Suppose 6*r + 2*y - 666 = r, -9 = -3*y. What is the greatest common factor of 12 and r?
12
Suppose 5*s - 961 = -h, -11*s + 3859 = 4*h - 6*s. Calculate the highest common divisor of h and 42.
42
Let t(y) = -y**3 + 13*y**2 + 4*y + 8. Let x be t(12). Suppose -3 = 5*n - 2*r - 238, -5*r + x = 5*n. What is the highest common divisor of 15 and n?
15
Let j = 768 + -665. What is the highest common factor of j and 2781?
103
Let a = 371 - 224. Calculate the greatest common factor of 6 and a.
3
Let d = -343 + 379. What is the highest common factor of 48 and d?
12
Let z be (-35)/28*(2 - -6). Let i = z - -13. What is the greatest common divisor of i and 6?
3
Suppose 5*l = y + 187, -y - 2 = -0*y. Calculate the highest common factor of 37 and l.
37
Let z(u) = -u + 15. Let k be z(8). Suppose g = -5*b + 6, 5*b - 5*g = -0*g. Let l = k + b. Calculate the greatest common divisor of l and 4.
4
Let l(m) = m**3 + 10*m**2 + 16*m - 23. Let i be l(-7). What is the highest common divisor of 2376 and i?
12
Suppose -863 = -r - 7*p, -r + 865 = 2*p + 3*p. Calculate the highest common divisor of 30 and r.
30
Suppose 161 + 271 = 12*t. Calculate the highest common divisor of t and 225.
9
Let l(s) = -10*s + 1. Let u be l(-1). Let v be (-4)/18 - (-280)/45. Suppose z - u - v = 0. What is the greatest common divisor of 17 and z?
17
Let u(i) = -22*i + 9*i + 28 - i**2 + 7*i + 4*i. Let c be u(0). Calculate the highest common factor of c and 14.
14
Let u = -372 + 545. Calculate the highest common divisor of u and 1903.
173
Let j(v) = -4*v**2 + v**2 + 5*v**2 + 0*v**2. Let t be j(-1). Suppose 0 = -t*k + 6 - 0. What is the greatest common divisor of 2 and k?
1
Suppose -7*m + 3520 = m. Let z = 72 - 32. What is the highest common divisor of m and z?
40
Let x be ((-12152)/(-372))/(0 + 2/9). What is the highest common factor of x and 21?
21
Let j(x) = 306*x + 310. Let m be j(-1). Let l(i) = 3*i**2 - 1. Let d be l(1). What is the highest common factor of d and m?
2
Let p = -3 - -4. Suppose 5*s = -0*w - 3*w + 49, 4*s + 2*w = 38. What is the highest common divisor of s and p?
1
Suppose 3312 = 20*q - 4*q. What is the highest common divisor of q and 138?
69
Let c = 203 + -98. Suppose 5*d = 2*z - 110, -164 = -4*z - 25*d + 21*d. Calculate the greatest comm